by g.
2
Suppose -3*l + 5*w = 311, l + 153 - 52 = w. Calculate the remainder when -1*(3 - l)/(-2) is divided by 13.
11
Suppose -w - 375 = -16*w. What is the remainder when w is divided by 13?
12
Let z be (-10)/40 - (-34)/8. Suppose 3*k = -4*i + 131, z*k - 2*i - 95 = 109. What is the remainder when k is divided by 10?
9
Suppose 3*l - 29 = 1. Calculate the remainder when 69 is divided by l.
9
Let l(f) = -f**3 + 6*f**2 + 4*f - 10. Let z be l(6). Suppose 0 = 4*x, 4*r = 3*x - z + 118. Calculate the remainder when r is divided by 14.
12
Let l(n) = -n**2 - 4*n + 1. Let o be l(-2). Let w be -13 + (o + -2)*-1. What is the remainder when 82 is divided by (-6)/w + 665/40?
14
Let j be (-6)/(-8) + (-6)/(-24). Suppose 0 = -s + j - 5, -4*v + 52 = s. Let m = v + 0. Calculate the remainder when 27 is divided by m.
13
Let m = 11 - 16. Let v(k) = k**2 + 5*k - 13. What is the remainder when v(-9) is divided by 1 + (2 - m) + -2?
5
Suppose 2*t - 4*t = -86. Let s = -7 + 4. Calculate the remainder when t is divided by 21 + -1*3/s.
21
Let g(t) = 32*t**3 - t**2 + 3*t - 3. Suppose 6*a - 4 - 2 = 0. Calculate the remainder when g(a) is divided by 18.
13
Suppose 23*r - 26*r = -9. Suppose 5*x + 4*z - 102 = 0, r*x + 3*z - 78 = -18. Calculate the remainder when 65 is divided by x.
21
What is the remainder when 2/8*(-10 - -2 - -1244) is divided by 62?
61
Let p = -6 + 81. Let c be (206/(-4) - -2)*-2. Suppose 6*x + 4*g - c = x, -41 = -2*x - 3*g. What is the remainder when p is divided by x?
18
Suppose -47*s = -49*s + 12. Calculate the remainder when 33 is divided by s.
3
Suppose -2*k - 2*f = -38, -19 = -5*f - 4. Suppose 2*a - 156 = -4*h, 3*h + k = -a + 98. Calculate the remainder when a is divided by (-44)/4 + 53 - (0 + 6).
34
Suppose 0 = -2252*p + 2254*p - 230. Calculate the remainder when p is divided by 67.
48
Suppose 5*f = 203 + 27. What is the remainder when f is divided by 22?
2
Suppose 3*k - 172 = -5*n, 15*n = -5*k + 16*n + 296. Calculate the remainder when 707 is divided by k.
58
Let s = -14 + 16. Suppose s*m = m + 17. What is the remainder when 32 is divided by m?
15
What is the remainder when 317 is divided by 4/30 + ((-41888)/(-120))/22?
13
Calculate the remainder when 160 is divided by (15/100*-4)/((-3)/165).
28
Let u be (-200)/(-56) + (-8)/14. Calculate the remainder when 10 is divided by -1 - (-3 - u/3).
1
Let r(y) = -y**3 - 8*y**2 - 9*y - 10. Let q = 6 + 6. Suppose q*h = 29 + 163. Calculate the remainder when r(-8) is divided by h.
14
Suppose -2*b - 20 = 4*g, 0 = -2*b + 5*b - g + 30. Let r = b + 37. What is the remainder when r is divided by 14?
13
Suppose d = -2*q - 0*d + 149, -3*d = 4*q - 293. Suppose 0 = 3*r - 2*r - 27. Calculate the remainder when q is divided by r.
23
Let r(m) = 4*m + 2. Suppose -2*v + 291 = 255. What is the remainder when v is divided by r(2)?
8
Let y = -13 + 51. Suppose -4*v + 34 = -y. Calculate the remainder when 33 is divided by v.
15
Let w be -2 + 1/1 + 13. Let h = w - 15. What is the remainder when (h - (2 - 4))*-86 is divided by 22?
20
Let s(a) = -a**3 - 11*a**2 + 45*a - 6. Suppose -4*b + 8*b - 32 = 0. Calculate the remainder when b is divided by s(3).
2
Let w(h) = -52*h**3 + 2*h**2 + h. Suppose 16*a + 31 = 2*x + 19*a, x - 12 = 2*a. What is the remainder when w(-1) is divided by x?
11
Suppose -3*u + 1169 = -316. Suppose u = 7*y - 2*y. What is the remainder when 42 is divided by (y/6)/(-3)*-2?
9
Let q(w) = w**3 + 4*w**2 - 4*w + 4. Suppose -2*m + 5*h + 6 + 38 = 0, 3*m - 80 = 4*h. Let g = m - 21. What is the remainder when q(-4) is divided by g?
9
Let n(b) = -131*b - 49. What is the remainder when n(-2) is divided by 20?
13
Let k(h) = -h**3 + 6*h**2 - 4*h + 3. Let m be 143/(-169) - 2/13. What is the remainder when k(5) is divided by (m/4)/((-5)/60)?
2
Suppose 65 = i + 4*i. Calculate the remainder when -7 + (i - 7) + 19*5 is divided by 16.
14
Let k(l) = 4*l - 4*l**2 + 9*l**3 + 0*l**3 + 2*l**3 + 2*l**3. What is the remainder when 34 is divided by k(1)?
8
Suppose s - 3*t - 24 = -0*t, 0 = 5*t + 10. Calculate the remainder when (10696/24)/7 - 20/(-15) is divided by s.
11
Let y = -1205 + 1778. What is the remainder when y is divided by 25?
23
Let m = -84 - -149. Calculate the remainder when m is divided by 35.
30
Let j(u) = u**3 + 46*u**2 - 148*u - 28. What is the remainder when 376 is divided by j(-49)?
19
Let i(s) = s**2 - 3*s - 11. Let b be i(5). Calculate the remainder when (12/(-15))/(b/5) is divided by 3.
1
Let f(s) = -s**3 + 10*s**2 - 10*s - 2. Let w be f(8). Let m = w + -7. What is the remainder when m is divided by 14?
11
Let x = -15 + 215. Calculate the remainder when x is divided by 17.
13
Suppose 2*k + 606 = -4*o, -4*o - k = -2*k + 603. What is the remainder when 2 - ((-12)/(-24) + o/2) is divided by 16?
13
Suppose 149*l = 145*l + 304. What is the remainder when 303 is divided by l?
75
Suppose 1340 = 5*v + 795. What is the remainder when 325 is divided by v?
107
Suppose 13*w - 62 = -23. Suppose -11 = -8*z - w. What is the remainder when 3 is divided by z?
0
Suppose -3*o = -4*o + 126. Suppose -y = -5*c + 288, -3*y = -2*c + y + o. Suppose c = v + 3. Calculate the remainder when v is divided by 19.
16
Suppose -10*l + 278 + 2082 = 0. Suppose -i = -0*i + 2*x - 54, 2*x + l = 4*i. Calculate the remainder when i is divided by 12.
10
Let i(h) = 178*h - 134. What is the remainder when i(11) is divided by 22?
20
Let t(m) = -24*m - 77. What is the remainder when t(-6) is divided by 14?
11
Calculate the remainder when ((-54)/(-4))/((-1)/(-6)) is divided by 21.
18
Suppose -83 = -2*n - 3*v, -6*n + 197 = -n - 3*v. Calculate the remainder when 237 is divided by n.
37
Let f(n) = 10*n**2 + n - 2. Let j be f(1). Suppose -51 - j = -4*v. Calculate the remainder when 87 is divided by v.
12
Suppose 0 = -2*f + 102 - 18. Let y = -19 + 7. Let j(k) = k**2 + 11*k - 1. What is the remainder when f is divided by j(y)?
9
Suppose -2*u = p - 7, u = 2*u + 5*p + 10. Suppose 12*l = 14*l - 12. Let i = 6 + l. Calculate the remainder when i is divided by u.
2
Let i = -24 - -24. Suppose 2*u + 8 - 30 = i. Let p(k) = -k**2 + 12*k + 1. Calculate the remainder when 34 is divided by p(u).
10
Suppose 2*z - 747 + 63 = -4*u, 0 = 2*z + 5*u - 686. What is the remainder when z is divided by 11?
8
Suppose 0*v = 3*p + 2*v - 139, p - 4*v - 23 = 0. Suppose -38*i - p = -39*i. What is the remainder when i is divided by 15?
13
Suppose 0 = -2*n + 4*t + 32, -25*n = -22*n - 2*t - 64. Calculate the remainder when 117 is divided by n.
21
Suppose 5*x - x + 1 = 3*b, -4*b + 14 = x. Suppose b*g = 5*j + 21 - 77, 36 = 4*j + 2*g. Calculate the remainder when 18 is divided by j.
8
Suppose 198 = 9*m - 3*m. What is the remainder when (671/m)/(1/3) is divided by 32?
29
Suppose 0 = 5*o + 4*n, -3*o = o - 5*n. Suppose -2*z + 5*a = 4*a - 38, o = a - 4. Calculate the remainder when z is divided by 12.
9
Let z(j) = j**2 - j. Let m be z(0). Suppose 3*i + 2*f - 5 - 27 = m, 28 = 5*i - 3*f. Calculate the remainder when -6 + 7 + (14 - 0) is divided by i.
7
Let w = 71 - 22. What is the remainder when w is divided by 10?
9
Let y be 3 + -1 + (-25)/(-5) + -3. Suppose y*p + 6*p - 410 = 0. What is the remainder when p is divided by 6?
5
Let u(l) = -l**3 + 20*l**2 + 2*l - 36. Let r be u(20). Suppose r*g - 4*b = 24, -3*g - 12*b + 28 = -10*b. Calculate the remainder when 34 is divided by g.
2
Let b(s) = -s**2 + s + 6. Let o be b(3). Suppose -280 = -4*i - o. What is the remainder when i is divided by 8?
6
What is the remainder when 7/(-1)*3735/(-21) is divided by 32?
29
Suppose 10*z - 4*i = 7*z + 178, 4 = 2*i. What is the remainder when z is divided by 28?
6
Suppose -9*m = 29 - 263. What is the remainder when 103 is divided by m?
25
Suppose 3*y - 64*c - 26 = -59*c, -70 = -5*y - 5*c. Calculate the remainder when y is divided by 7.
5
Let v = 111 + -155. Let j be v/(-12)*(-1 - -7). Suppose 4*m + 5*f - 70 = 0, 3*m - 4*f = m + j. Calculate the remainder when 57 is divided by m.
12
Suppose 5 = -2*a + 4*y + 113, 2*a - y - 120 = 0. What is the remainder when a is divided by 9?
8
Suppose -4*y + 156 = 56. Suppose 3*r + 15 = -21. Let i = 2 - r. Calculate the remainder when y is divided by i.
11
What is the remainder when 37 is divided by -4*3/(-36)*66?
15
Calculate the remainder when 97 is divided by (-5)/((10/(-75))/(6/9)).
22
Let z